2 + 1 + -5 - 22.
-31
What is the value of -14 + (-2 - -6) + -2?
-12
What is -2 + -15 + -81 + 109?
11
What is the value of (77 - (-2 + 72)) + -1 + 1 + -11?
-4
What is -21 + (-3 - -35) + -39?
-28
What is the value of -15 + 1 - (-647 + 653)?
-20
What is the value of (13 + -4 - -7) + 3 + (-2 - 5)?
12
What is the value of (-21 - -33) + (-16 - (5 - 6))?
-3
What is the value of (-15 - (8 + -35)) + (2 - (-1 - -11))?
4
42 + (4 - 10) + -3 + -9
24
What is the value of -2 + -7 + (22 - 5) + -4 + -4?
0
What is 22 + 1 + -27 - -13?
9
-3 + 8 - (-211 - -238)
-22
20 + (-13 - -23) + -22
8
What is 0 + -1 + 0 - ((-7 - -42) + -18)?
-18
What is the value of (134 + -47 - 68) + -20 + 2?
1
Calculate (-33 - -51) + (-17 - 24).
-23
What is the value of -1 + -4 + (25 + -13 - 6)?
1
What is the value of 15 + (-9 - 1) + (-5 - -8)?
8
What is the value of -26 - (-3 - 5) - -28?
10
Evaluate -2438 + 2434 + (-4 - (2 + -4)) + 25.
19
Evaluate -4 + (4 + -14 - -17) + 1 - 9.
-5
What is the value of 0 - -19 - (-2 + 22 + -18)?
17
Evaluate -13 - (16 + -10 + -25).
6
(-5 - 3) + (-3 + 3 + 0 - -4)
-4
Evaluate 0 + (-7 - -1 - (50 - 52)).
-4
Evaluate 5 + (9 + -4 - 13).
-3
Evaluate (0 - (3 + 4)) + 17 + -4.
6
Evaluate 5 + (-6 - -8 - 1) + -22 + 4.
-12
Evaluate 3 + (-3 - ((-8 - (1 - 7)) + -6)).
8
(-12 - 0 - (1 + 5 + -7)) + 2
-9
What is the value of -12 + -9 + (-2 - (-5 + -3))?
-15
What is the value of -12 + -38 + 61 + -38?
-27
Calculate 2 + (21 - 19 - (-1 + 5 + -6)).
6
What is -33 - (-12 + 20 + -60)?
19
Evaluate 21 + (-15 - 0) + -5.
1
What is -2 + (-8 - (-6 - -2)) + 7?
1
Calculate -2 + (3 - 0) + (569 - 562).
8
What is -22 - ((-12 - 3) + (12 - (-5 + 10)))?
-14
Calculate (4 - 4) + 4 + (-38 - -55).
21
What is the value of -2 + 7 + -3 - (-4 + 20)?
-14
-1 + 6 + -5 + 0 - (0 + -2)
2
Calculate -44 + 44 + 7 + -3.
4
What is -5 + -1 - (0 - -1 - (7 + -5))?
-5
-7 + (27 - (-9 + (9 - -18)))
2
What is the value of 13 - (-31 - (17 + -11 + -19))?
31
Calculate (12 - (10 + -1 + 0 + -8)) + -10.
1
((9 - 16) + 6 - -18) + -5
12
1 - 18 - ((2 - (8 - 16)) + -8)
-19
What is the value of 15 + -16 - (-20 - -3)?
16
Calculate -34 + -23 + 24 + 9.
-24
What is the value of -9 + (-19 - (13 - 59) - (-1 - -13))?
6
-1 - 2 - (3 + 5 - (5 - 3))
-9
What is -2 + 10 + -9 - ((11 - -1) + -4)?
-9
Calculate 2 + -5 + 6 + -1 + -6 + 5.
1
What is (1 - 0) + (0 - (9 - 6))?
-2
6 - (1 + -2 + -1 + 3 + 10)
-5
(119 - 114 - (7 + 0)) + -11
-13
What is the value of 20 - (-9 + 13 + -6)?
22
Evaluate (0 - -5) + -17 + -3 + 40.
25
What is 2 + 59 - (40 + -13)?
34
What is 7 + (-9 - (-1 - (-2 - -6))) - 2?
1
What is the value of -118 + 113 - (2 + -2 + -2)?
-3
What is -9 + -1 + (137 - 107)?
20
What is 4 - (-5 + 0 - (-1 + -5 - -9))?
12
What is the value of -105 + 102 + (6 - (-4 - -4))?
3
(-41 - -1) + -674 + 737
23
Calculate 10 + (1 - (-15 - -29) - 18).
-21
3 - ((-11 - -1) + 4)
9
Evaluate (-14 - (-10 + 4)) + 6 - 4.
-6
46 + -16 - -9 - 25
14
Evaluate (1 - -28) + -27 + -25.
-23
Calculate (-17 - (6 - 18)) + (-9 - -1).
-13
What is 1230 + -1225 - (1 - (-16 + 0))?
-12
What is ((-5 + 2 - -2) + 7 - 1) + 6?
11
Calculate -17 + 21 - (38 + -50).
16
Evaluate 32 - (11 + 5 + -9 - (-11 - -17)).
31
17 + -19 + 27 + -5 + -5
15
Evaluate -14 - 1 - (12 + (4 - 31) + 13).
-13
Evaluate 1 + -3 + 21 + -23 - -5.
1
Calculate -3 - (-11 - (3 - -6) - -10).
7
Calculate 8 + (8 - (7 + 5)).
4
What is (-138 - -111) + (28 - 1)?
0
Calculate (5 - (-12 - (-14 - (5 + -12)))) + -7.
3
Evaluate -6 + (6 - (19 + -8)) + 10.
-1
(-23 - (-22 + -29)) + (-11 - 6)
11
What is 2 - 19 - (-14 - 2)?
-1
Evaluate -3 + (10 - -6) - 11.
2
What is (2 - (0 - -4)) + -15 + 25 + 1?
9
Evaluate 26 - 14 - (10 - 6 - -2).
6
Calculate (-11 - 1) + -288 + 273.
-27
What is the value of 5 + 0 - 27 - (-30 + 24)?
-16
Calculate 3 - (17 - (-3 + 12)) - 0.
-5
-20 + (-6 - (1 + 0 + (-5 - 2)))
-20
-15 - (2 + 0 - 4)
-13
(-3 - 3) + 4 + (14 - 21 - 7)
-16
Evaluate 21 + 17 + -11 - 19.
8
(-23 - -18) + 19 - 4
10
27 - (74 - 19) - -53
25
What is the value of 5 - (0 + 13 + -12)?
4
What is the value of (0 + 18 - 48) + 24?
-6
What is (-5 - 11) + 14 + 15?
13
What is the value of (1 - (0 + -19)) + (5 - -9)?
34
What is (-8 - 3 - -5) + -1 + 23?
16
9 + (-8 - (-12 + 1) - 28)
-16
What is (0 - 2) + (15 - (-5 - -1)) + -1?
16
-24 + -15 + 12 + 13
-14
Evaluate -15 + -3 + -9 + 20 + -6.
-13
-7 - (12 + (-14 - -12) + 8) - -8
-17
What is the value of 25 + -2 + (-7 - -1)?
17
What is the value of 4 - (-9 - 9 - -12)?
10
-631 - -620 - (-10 + -1)
0
What is 4 + (7 - (11 - -6)) + 8 + 5?
7
35 + 5 + -2 - (1 - 16 - -26)
27
(9 - 3) + -116 + 123
13
5 + (-1 - 12) - (2 - 20)
10
Evaluate (0 - (-3 - (-11 - -8) - 4)) + 7.
11
Evaluate 1 + 3 + -24 + (76 - 47).
9
What is 9 + (-4 + -2 + 6 - 4) + -10?
-5
What is 18 - ((-1 - 2) + (9 - 10 - -10))?
12
-4 - (8 - 0 - (-31 - -29))
-14
Evaluate -22 + 5 + (18 - 22).
-21
-2 - 41 - (994 - 1015)
-22
Calculate 5 + 0 + -13 - 1.
-9
9 - (2 + 3) - 6 - (-15 + 23)
-10
Calculate (-4 + 4 - 0) + (-74 + 2 - -35).
-37
0 + 4 + (5 + 3 + 3 - -6)
21
6 + 0 + -7 - -6
5
Calculate 7 + 11 + 8 + -22.
4
Evaluate 14 - (7 - (-1 + 4) - -6).
4
-9 + (-16 - -19) + (0 + 0 - -17)
11
What is the value of -4 - (-7 - -13) - (-13 - -2)?
1
What is -14 - (1 + 11 - (39 + -29))?
-16
Calculate -25 - 1 - ((18 - 5) + -22 - -9).
-26
19 + (-26 - (9 - 18)) + 9
11
(-21 - -55) + -14 - 50
-30
Evaluate 1 + 0 + 2 + 43 + -48.
-2
Calculate 16 - (0 - (7 - 0) - (9 + -14)).
18
What is the value of 0 + (-2 - 17) - (6 + -21 + 7)?
-11
Evaluate (-14 - 1) + -20 + 27 + -4.
-12
What is 1 - 5 - (310 - 289)?
-25
What is the value of 3 + -2 + 0 + (14 - 13) - 0?
2
What is the value of -4 + 2 + -3 - (12 - 9 - 0)?
-8
Evaluate 1 + (10 - (-11 - -15)).
7
Calculate -40 + 16 - -18 - -16.
10
(-4 + (-5 - -2) - -5) + 5
3
(4 - -1) + (17 - 63) + 26
-15
Calculate 5 - 0 - (-344 - -344).
5
Calculate (4 - (3 + 1)) + (-17 - -9).
-8
Evaluate 0 - (13 + -17 + (17 - 10)).
-3
What is the value of 2 + (27 - 22) + 15?
22
Calculate -361 + 350 - (-3 + -2 - (0 + -1)).
-7
-7 - ((-5 - (-7 - 5)) + -7)
-7
(8 - (7 - (-15 + 24))) + 17
27
(-14 - (-9 - (-4 + 1))) + -1
-9
What is -22 + 10 + 3 - 1?
-10
Evaluate (7 + -4 - -5) + -2 + -3 + 17.
20
(0 - (0 - -3)) + 26 - (2 - -6)
15
Evaluate (20 + -37 - -4) + (3 - -22).
12
3 + -15 + (-5 - -9) - -7
-1
Calculate -892 + 907 - (7 + 0).
8
Calculate -24 - (13 + (-22 - 5)).
-10
What is 14 + -16 + (0 + 3 - 6) + -4?
-9
Evaluate -14 - (10 + 7 + -7 - 0).
-24
Calculate -108 - -129 - (5 + 12).
4
Evaluate -3 - (2 + -3) - ((-18 - 3) + 13).
6
Calculate 7 - (0 + (3 - 0)) - 3.
1
Calculate -19 + (2 - -45) - 17.
11
Calculate (13 - (7 - -10)) + (5 - 0 - 1).
0
Evaluate -5 - 5 - (-56 + 14 + 0) - 8.
24
What is the value of -10 - (8 + (7 - 9 - 4))?
-12
What is the value of 10 + (-13 - -6) - (2 + (-2 - 9))?
12
8 + -5 + -6 + -3 - (-15 - -6)
3
Evaluate -4 + -25 + 22 + (1 - 1 - -8).
1
What is -3 + (-10 + -3 - (-1 + -3))?
-12
Calculate -2 + -9 - (1 - 20 - -12).
-4
Calculate (9 - 2) + (-5 + 16 - 36).
-18
Calculate -16 + 0 + -18 + 19 - 3 - -4.
-14
Evaluate 15 + -4 + -15 + 1.
-3
Calculate (10 - -1) + 16 + -8.
19
-5 + 13 + -5 - -6 - 6
3
Evaluate (-11 + 21 - 12) + (-2 - -6) + 5.
7
What is the value of 8 + (-1 - ((-3 - -4) + -3 + -3))?
12
Calculate (-16 - -12 - 5 - 14) + 10.
-13
Evaluate 3 + (-20 - -5) + -2 - 0.
-14
What is (-28 - (-10 + 3)) + 35?
14
Calculate -12 + (27 - (6 + 8)).
1
What is (21 - 27) + (24 - 10)?
8
Calculate 0 - -1 - -1 - (25 + -34).
11
Evaluate (4 - -2) + (5 - 48 - (64 + -68)).
-33
Evaluate (3 - (15 + 0 - 4)) + -3 + 10.
-1
Evaluate (18 - (10 + 1)) + 10.
17
What is the value of 21 + -23 + 34 + -2?
30
Evaluate -22 - (3 - 13) - (-1 + 4 - -7).
-22
What is 3 + -16 - -19 - (2 - -1)?
3
Evaluate (25 - (29 + 10)) + 31.
17
Evaluate -19 - -2 - (67 - 98).
14
Evaluate 2 - (4 + (-8 - 0 - (6 - 1))).
11
What is -16 + 49 - 20 - 31?
-18
What is the value of -24 - -17 - (-2 + 21 - (9 - 5))?
-22
What is -2 + (0 - -6) + (-31 - -28)?
1
What is the value of 0 - ((-17 - -14) + -8)?
11
(-17 - -7 - -32) + (1 - 10)
13
What is the value of 14 - (4 + 1 + (-6 - -5))?
10
Evaluate 23 + -19 - (2 + -1 + -4) - 0.
7
4 - -1 - (5 - 25 - (1 - -9))
35
What is 6 - -4 - (16 + -16 - -21)?
-11
Evaluate -5 + (3 - -8) + -19 + -6 + 17.
-2
Evaluate -2 - ((-9 - (8 - 26)) + -4).
-7
What is 6 + -11 + 2 + -10 + -3 + 2?
-14
-1 - 10 - (6 + (-15 + 8 - -2))
-12
Calculate 30 + -30 + (4 - -7).
11
C